= v**3 + 25*v**2 + 7*v + 49. Let l be d(-21). Suppose 20 = 5*z, 3*z + z = -5*o + l. List the prime factors of o.
2, 3, 5, 11
Let v = -2737 - -3222. List the prime factors of v.
5, 97
Let n(h) = h**2 + 2*h + 31. Let k be n(0). Let u = 29 - k. What are the prime factors of ((-200)/125)/(u/170)?
2, 17
Let g(n) = -n**2 - 10*n - 15. Let z be g(-6). Suppose -6*i = -z*i - 2*i. Suppose -4*s - 2*d + 42 = i, 0*s + 62 = 4*s - 2*d. What are the prime factors of s?
13
Let o(d) = -2*d - 39 + 401*d**2 - 36 - 3*d + 76. List the prime factors of o(-1).
11, 37
Let s(p) = p**3 + 87*p**2 - 439*p + 41. List the prime factors of s(-91).
2, 3433
Let m = -701 + 704. Suppose -4239 + 1531 = -m*r + 2*h, 0 = 5*r - 2*h - 4520. List the prime factors of r.
2, 3, 151
Suppose 1794 = -5*v + 1784, -2*l + 5*v = -25676. What are the prime factors of l?
41, 313
Let p = -557 - -572. Let u(o) = o**2 + 10*o - 4. Let h be u(-9). Let f = p + h. What are the prime factors of f?
2
Let q(t) = -t**3 + 14*t**2 + 13*t + 32. Let h be q(15). Suppose h*c - 5*x - 131 = 0, -x + 170 = 3*c - 1. What are the prime factors of c?
2, 29
List the prime factors of 2908479/45 + ((-61)/305 - 3/(-9)).
64633
Let o be (84/8)/((-25)/(-26) + -1). Let m = o - -447. Suppose 6*p - 8*p = -m. List the prime factors of p.
3, 29
Let s(a) = -6*a + 17. Suppose -h + 52 - 64 = 0. Let d be s(h). Suppose -d = -2*w + 33. What are the prime factors of w?
61
Suppose -4*z - 2*t + 7454 = 0, 2592*z - 1851 = 2591*z - 3*t. What are the prime factors of z?
2, 3, 311
Suppose 890 = 5*s + 5*i, -s + 2*i + 0*i = -193. Let m be -1 - (-6)/15 - (-483)/5. Let p = s - m. What are the prime factors of p?
3, 29
Let c = 36 + -40. What are the prime factors of (1 - (-2)/c)*134?
67
Suppose 6*b + 12 = 132. Suppose 3*n = 1014 + 453. Suppose b*f - 23*f = -n. What are the prime factors of f?
163
Let a(r) = -9*r - 28. Let z(k) = -k. Let b(i) = -a(i) + 5*z(i). Let f(p) = p**2 + 23*p + 94. Let c be f(-19). List the prime factors of b(c).
2, 5
Suppose 362916 = 143*t - 295386 - 641854. List the prime factors of t.
2, 2273
Suppose 33*g = 528 + 99. Suppose -11*f - 4688 = -g*f. What are the prime factors of f?
2, 293
Suppose 9*l - 11683 - 3248 = 0. What are the prime factors of l?
3, 7, 79
Suppose -2*m = 4*o + 4, -2*m - 1 = -4*m + o. Suppose 4*k - 5*d = 3288, d = 3*k - m*d - 2477. List the prime factors of k.
827
Let w = 528 - -598. Let g = w + -518. What are the prime factors of g?
2, 19
Let w(s) = 14*s**3 - 10*s - s + s**2 + 13*s + 3 - 65*s**3. List the prime factors of w(-2).
3, 137
Let r = 49 + 3. Suppose -49*b - 6 = -r*b. Suppose -3*m + 132 = -a - 239, a + 248 = b*m. List the prime factors of m.
3, 41
Let n(q) = 15*q + 77. Let j be n(20). Suppose j = h - 180. What are the prime factors of h?
557
Let r be (3 - -3)/((-6)/8). Let l(q) = -8*q - 27. What are the prime factors of l(r)?
37
Let m(t) = 173*t**2 + 96*t - 150. What are the prime factors of m(-18)?
2, 3, 9029
Suppose -5*m = 3*s - 440, -7*s = 2*m - 12*s - 207. Suppose 0 = 97*v - m*v - 546. What are the prime factors of v?
7, 13
Suppose -q + 5*q = 4*m + 92740, -5 = -m. Suppose 0 = 19*t + 11*t - q. List the prime factors of t.
773
Let j be 2/(-4)*(2 + -8). Let x be (50658/8)/j - 6/8. Suppose 0 = 9*q - x + 337. What are the prime factors of q?
197
Suppose -3*w + 12 = -4*n - n, 12 = -n + 3*w. Suppose n = q + 5*b + 158, 0*b = 4*b. Let k = q + 265. List the prime factors of k.
107
Let i be 15/45 - (-8)/3. Suppose 4*s - 133 - 367 = i*u, -4*u - 112 = -s. List the prime factors of s.
2
Let y(r) = 7*r + 339. Let n(p) = -12*p - 678. Let m(t) = -4*n(t) - 7*y(t). What are the prime factors of m(0)?
3, 113
Suppose -5*o = 8*o - 12012. Suppose -28*h + 30*h - o = 0. List the prime factors of h.
2, 3, 7, 11
Suppose -22*h = 11920 - 113604. List the prime factors of h.
2, 2311
Let s be 139 - 23 - (-1 - -1). Suppose -m + s = 4*u, -3*u - m = 4*m - 70. List the prime factors of u.
2, 3, 5
Let x(r) = 3 - 10*r + 1 + 6 + 3. Let t be x(-9). Let a = t + -75. What are the prime factors of a?
2, 7
List the prime factors of (16238/(-6) + -5)/((-14)/21).
7, 83
Let l = 3671 - 5516. What are the prime factors of ((-10)/25 - 1 - -1)*l?
2, 3, 41
Suppose 0 = 328*o - 338*o + 62360. What are the prime factors of o?
2, 1559
Let i(d) = -744*d**3 - 4*d - 4. Let k be i(-1). Suppose -9*y = 4*t - 11*y - 1512, -2*t = 2*y - k. List the prime factors of t.
2, 47
Let t = 256 + -228. Suppose 0 = -t*x + 435 + 1021. What are the prime factors of x?
2, 13
Let u = -16818 - -28396. What are the prime factors of u?
2, 7, 827
Let c be (-51)/(-3)*-47*(-2 + 3). Let t = -263 - c. What are the prime factors of t?
2, 67
Let q = 2481 + -45. Suppose -a = 5*h - 4036, 3*a = 2*h + h - q. List the prime factors of h.
2, 101
Suppose -3*u - 4*z + 930 - 235 = 0, -3*z = 5*u - 1151. Suppose -5*n - u - 666 = 0. Let m = 341 + n. List the prime factors of m.
2, 3
Suppose a - 4*d + 3960 = 5*a, -2*d - 1988 = -2*a. List the prime factors of a.
2, 31
Let c = 66885 - -7926. What are the prime factors of c?
3, 11, 2267
Let q(k) = k**3 - 6*k**2 - 11*k - 11. Suppose -4*a + 2 = c - 2*a, -5*a = 2*c. What are the prime factors of q(c)?
3, 31
Suppose 57*f = 20*f + 121508. List the prime factors of f.
2, 821
Suppose z = -14 + 17. Suppose z*a = m + 956, -5*a - 944 = -8*a - 5*m. List the prime factors of a.
2, 3, 53
Let k(y) be the third derivative of y**5/60 - 5*y**4/24 - 70*y**3/3 + 6*y**2 - 8*y. List the prime factors of k(-11).
2, 3
List the prime factors of (-10302)/(-2) - 900/225.
5147
Let i be 2*(-1)/3*(-179697)/86. Let h = i + -562. List the prime factors of h.
3, 277
Let p(c) = c**3 + 26*c**2 - 12*c + 274. What are the prime factors of p(-17)?
3079
Let f = -28 - -7. Let v = -7 - f. What are the prime factors of v + (-7)/((-28)/16)?
2, 3
Let s(i) = -1. Let l(b) = 14 + 14*b + 3 - 44 + 7*b. Let x(a) = l(a) - 18*s(a). List the prime factors of x(4).
3, 5
Suppose 0 = 236*d - 233*d + 1032. Let s = 488 + d. List the prime factors of s.
2, 3
Suppose -91*j - 18190 = -93*j. What are the prime factors of j?
5, 17, 107
What are the prime factors of (11364/16)/(1/24)?
2, 3, 947
Suppose -11*y + 10737 - 3081 = 0. What are the prime factors of ((-52)/16)/((-3)/y)?
2, 13, 29
Let x(q) = 9*q**2 + 29*q - 4. Let m = -433 + 440. What are the prime factors of x(m)?
2, 5
Let c(k) = -133*k**3 - 2*k**2 - 2*k - 1. Let j be c(-1). Suppose 10*y - j = 4*y. Let q = y + 8. What are the prime factors of q?
2, 3, 5
Suppose 0 = i - 1 - 3. Suppose -i*k = -55 + 3. Suppose 1846 = k*b - 0*b. What are the prime factors of b?
2, 71
Let r(o) = -9593*o**3 - 13*o - 13. What are the prime factors of r(-1)?
53, 181
Let f(k) = -165*k**3 - 3*k - 2. Suppose 0 = -q - 4*d + 11, 6*d = 5*q + 3*d - 9. Suppose -4*m - 12 = -4*h, -q*m + 8*m + 9 = 2*h. List the prime factors of f(m).
2, 83
Let q be 33/7 + (-2)/(-7). Suppose -3*v - 16 = -q*v. Suppose -v*w - 128 = -12*w. What are the prime factors of w?
2
Let v be (-3)/(-6)*-4*85. Suppose -20*t = 28*t + 4512. Let a = t - v. List the prime factors of a.
2, 19
Let h = 4705 - -11417. List the prime factors of h.
2, 3, 2687
Let u(p) = -p**2 + 4*p + 11*p**3 + 69*p**3 + 40*p**3 - 3*p**2 - 3. List the prime factors of u(2).
13, 73
Let r(j) = 23 + 5*j**2 + 0*j - 18 - 9*j - 4*j**2. Let m be r(10). What are the prime factors of m - 4*2/4?
13
Let z = -516 + 888. Suppose z = 6*p - 4*p. What are the prime factors of p?
2, 3, 31
Suppose 11*l = 17*l. Suppose l = -s - 2*t + 204, s = 2*t + 151 + 57. What are the prime factors of s?
2, 103
Suppose 0 = -2*t + 2*o, 4*o - 75 = -5*t - 30. Suppose -4 = 5*x - 7*x, -t*x - 1147 = -d. What are the prime factors of d?
13, 89
Suppose o - 5087 = -r + 31265, 4*r - 36358 = -o. What are the prime factors of o?
2, 5, 727
Let z(t) = -108*t + 1583. What are the prime factors of z(-76)?
9791
Let w(b) = 31 + 14*b + 33 - 27 + 8*b. List the prime factors of w(6).
13
Suppose 12*l - 19 = -7. Let a be (157 + 3)*(-12)/(-5). List the prime factors of (l*-1)/((-8)/a).
2, 3
Let z = -750 + 1600. Let x = 578 + z. What are the prime factors of x?
2, 3, 7, 17
Let m(n) = -5*n - 2. Let h(g) = -g + 3. Let d(o) = -2. Let a(c) = 2*d(c) + h(c). Let r(q) = 12*a(q) - 3*m(q). List the prime factors of r(6).
2, 3
Let r = -60 - -46. Let v be (r/42)/((-1)/(-3)). List the prime factors of 2 + 191